{"id":496,"date":"2021-10-04T12:37:13","date_gmt":"2021-10-04T12:37:13","guid":{"rendered":"https:\/\/kunja.de\/kafountine\/?page_id=496"},"modified":"2025-07-15T05:21:01","modified_gmt":"2025-07-15T05:21:01","slug":"kafountine","status":"publish","type":"page","link":"https:\/\/kunja.de\/kafountine\/","title":{"rendered":"F\u00f6rderverein Partnerschaft C.R. Kafountine e.V., R\u00fcsselsheim am Main"},"content":{"rendered":"\n<p class=\"has-text-align-center\"><strong><em><mark style=\"background-color:#ff6900\" class=\"has-inline-color has-white-color\">Aktuell: Afrikanische Nacht 2025: Sa, 19.07.2025, 19h Waldschwimmbad R\u00fcsselsheim, Kindernachmittag: 15h, freier Eintritt<\/mark><\/em><\/strong><\/p>\n\n\n\n<div data-wp-interactive=\"core\/file\" class=\"wp-block-file\"><object data-wp-bind--hidden=\"!state.hasPdfPreview\" hidden class=\"wp-block-file__embed\" data=\"https:\/\/kunja.de\/kafountine\/wp-content\/uploads\/2025\/07\/Plakat_Afrika-A1-2025.pdf\" type=\"application\/pdf\" style=\"width:100%;height:600px\" aria-label=\"Einbettung von Plakat_Afrika-A1-2025.\"><\/object><a id=\"wp-block-file--media-a60d99aa-ca54-49d8-a880-8e7174b42da3\" href=\"https:\/\/kunja.de\/kafountine\/wp-content\/uploads\/2025\/07\/Plakat_Afrika-A1-2025.pdf\">Plakat_Afrika-A1-2025<\/a><a href=\"https:\/\/kunja.de\/kafountine\/wp-content\/uploads\/2025\/07\/Plakat_Afrika-A1-2025.pdf\" class=\"wp-block-file__button wp-element-button\" download aria-describedby=\"wp-block-file--media-a60d99aa-ca54-49d8-a880-8e7174b42da3\">Herunterladen<\/a><\/div>\n\n\n\n<p>Wir sind eine Gruppe von Menschen, denen insbesondere die Landgemeinde Kafountine im S\u00fcden des Senegal ans Herz gewachsen ist, weil uns pers\u00f6nliche Erfahrungen damit verbinden. Einige von uns haben Kafountine auf ihren Reisen lieben gelernt, einige stammen von dort. So pflegen wir einen st\u00e4ndigen Austausch mit unserer Partnerstadt.<\/p>\n\n\n\n<div style=\"height:55px\" aria-hidden=\"true\" class=\"wp-block-spacer\"><\/div>\n\n\n\n<div class=\"wp-block-group\"><div class=\"wp-block-group__inner-container is-layout-constrained wp-block-group-is-layout-constrained\">\n<div class=\"wp-block-nextend-smartslider3\"><\/div>\n<\/div><\/div>\n\n\n\n<div style=\"height:43px\" aria-hidden=\"true\" class=\"wp-block-spacer\"><\/div>\n\n\n\n<p>Unsere Mitglieder kommen aus Deutschland, Senegal und anderen Nationen. J\u00e4hrlich bei der Afrikanischen Nacht treffen wir zusammen. Bei Fragen und Anregungen stehen wir gerne zur Verf\u00fcgung. Vorsitzende: Anna Paulszewski, Benzstra\u00dfe 8, 65197 Wiesbaden; Tel.: 0171-2732335, eMail: Paluszewski@T-Online.de<\/p>\n\n\n\n<div style=\"height:78px\" aria-hidden=\"true\" class=\"wp-block-spacer\"><\/div>\n\n\n\n<div class=\"wp-block-group\"><div class=\"wp-block-group__inner-container is-layout-constrained wp-block-group-is-layout-constrained\">\n<div class=\"wp-block-nextend-smartslider3\"><\/div>\n<\/div><\/div>\n\n\n\n<div class=\"wp-block-nextend-smartslider3\"><\/div>\n\n\n\n<div style=\"height:35px\" aria-hidden=\"true\" class=\"wp-block-spacer\"><\/div>\n\n\n\n<div style=\"height:178px\" aria-hidden=\"true\" class=\"wp-block-spacer\"><\/div>\n\n\n\n\n\n\n\n\n\n\n\n\n","protected":false},"excerpt":{"rendered":"<p>Aktuell: Afrikanische Nacht 2025: Sa, 19.07.2025, 19h Waldschwimmbad R\u00fcsselsheim, Kindernachmittag: 15h, freier Eintritt Wir sind eine Gruppe von Menschen, denen insbesondere die Landgemeinde Kafountine im S\u00fcden des Senegal ans Herz gewachsen ist, weil uns pers\u00f6nliche Erfahrungen damit verbinden. Einige von uns haben Kafountine auf ihren Reisen lieben gelernt, einige stammen von dort. So pflegen wir [&hellip;]<\/p>\n","protected":false},"author":1,"featured_media":0,"parent":0,"menu_order":0,"comment_status":"closed","ping_status":"closed","template":"page_start.php","meta":{"footnotes":""},"tags":[],"class_list":["post-496","page","type-page","status-publish","hentry"],"_links":{"self":[{"href":"https:\/\/kunja.de\/kafountine\/wp-json\/wp\/v2\/pages\/496","targetHints":{"allow":["GET"]}}],"collection":[{"href":"https:\/\/kunja.de\/kafountine\/wp-json\/wp\/v2\/pages"}],"about":[{"href":"https:\/\/kunja.de\/kafountine\/wp-json\/wp\/v2\/types\/page"}],"author":[{"embeddable":true,"href":"https:\/\/kunja.de\/kafountine\/wp-json\/wp\/v2\/users\/1"}],"replies":[{"embeddable":true,"href":"https:\/\/kunja.de\/kafountine\/wp-json\/wp\/v2\/comments?post=496"}],"version-history":[{"count":30,"href":"https:\/\/kunja.de\/kafountine\/wp-json\/wp\/v2\/pages\/496\/revisions"}],"predecessor-version":[{"id":1108,"href":"https:\/\/kunja.de\/kafountine\/wp-json\/wp\/v2\/pages\/496\/revisions\/1108"}],"wp:attachment":[{"href":"https:\/\/kunja.de\/kafountine\/wp-json\/wp\/v2\/media?parent=496"}],"wp:term":[{"taxonomy":"post_tag","embeddable":true,"href":"https:\/\/kunja.de\/kafountine\/wp-json\/wp\/v2\/tags?post=496"}],"curies":[{"name":"wp","href":"https:\/\/api.w.org\/{rel}","templated":true}]}}