{"id":659,"date":"2021-11-03T08:45:35","date_gmt":"2021-11-03T08:45:35","guid":{"rendered":"https:\/\/kunja.de\/kafountine\/?page_id=659"},"modified":"2021-11-05T16:55:07","modified_gmt":"2021-11-05T16:55:07","slug":"mitglied-werden","status":"publish","type":"page","link":"https:\/\/kunja.de\/kafountine\/mitglied-werden\/","title":{"rendered":"Mitglied werden"},"content":{"rendered":"\n<h2 class=\"wp-block-heading\">Sie interessieren sich f\u00fcr unsere Projekte und m\u00f6chten Mitglied werden?<\/h2>\n\n\n\n<p><br>Als Mitglied k\u00f6nnen Sie an den Vereinsitzungen teilnehmen und sich bei unseren Projekten einbringen. Die Mitgliedschaft beantragen Sie am besten hier oder formlos per Mail, indem Sie uns Ihre Kontaktdaten zusenden, unter denen wir Sie erreichen k\u00f6nnen. Bitte nennen Sie den Betrag, mit dem Sie den Verein und seine Projekte j\u00e4hrlich unterst\u00fctzen m\u00f6chten (Mindestbeitrag 25 \u20ac\/Jahr).<\/p>\n\n\n\n<hr class=\"wp-block-separator has-text-color has-background\" style=\"background-color:#ccff00;color:#ccff00\"\/>\n\n\n\n\n\n<div style=\"height:100px\" aria-hidden=\"true\" class=\"wp-block-spacer\"><\/div>\n","protected":false},"excerpt":{"rendered":"<p>Sie interessieren sich f\u00fcr unsere Projekte und m\u00f6chten Mitglied werden? Als Mitglied k\u00f6nnen Sie an den Vereinsitzungen teilnehmen und sich bei unseren Projekten einbringen. Die Mitgliedschaft beantragen Sie am besten hier oder formlos per Mail, indem Sie uns Ihre Kontaktdaten zusenden, unter denen wir Sie erreichen k\u00f6nnen. Bitte nennen Sie den Betrag, mit dem Sie [&hellip;]<\/p>\n","protected":false},"author":1,"featured_media":0,"parent":0,"menu_order":0,"comment_status":"closed","ping_status":"closed","template":"","meta":{"footnotes":""},"tags":[],"class_list":["post-659","page","type-page","status-publish","hentry"],"_links":{"self":[{"href":"https:\/\/kunja.de\/kafountine\/wp-json\/wp\/v2\/pages\/659","targetHints":{"allow":["GET"]}}],"collection":[{"href":"https:\/\/kunja.de\/kafountine\/wp-json\/wp\/v2\/pages"}],"about":[{"href":"https:\/\/kunja.de\/kafountine\/wp-json\/wp\/v2\/types\/page"}],"author":[{"embeddable":true,"href":"https:\/\/kunja.de\/kafountine\/wp-json\/wp\/v2\/users\/1"}],"replies":[{"embeddable":true,"href":"https:\/\/kunja.de\/kafountine\/wp-json\/wp\/v2\/comments?post=659"}],"version-history":[{"count":8,"href":"https:\/\/kunja.de\/kafountine\/wp-json\/wp\/v2\/pages\/659\/revisions"}],"predecessor-version":[{"id":988,"href":"https:\/\/kunja.de\/kafountine\/wp-json\/wp\/v2\/pages\/659\/revisions\/988"}],"wp:attachment":[{"href":"https:\/\/kunja.de\/kafountine\/wp-json\/wp\/v2\/media?parent=659"}],"wp:term":[{"taxonomy":"post_tag","embeddable":true,"href":"https:\/\/kunja.de\/kafountine\/wp-json\/wp\/v2\/tags?post=659"}],"curies":[{"name":"wp","href":"https:\/\/api.w.org\/{rel}","templated":true}]}}