{"id":730,"date":"2021-11-04T13:14:14","date_gmt":"2021-11-04T13:14:14","guid":{"rendered":"https:\/\/kunja.de\/kafountine\/?page_id=730"},"modified":"2021-11-04T13:14:15","modified_gmt":"2021-11-04T13:14:15","slug":"oeffentlichkeitsarbeit","status":"publish","type":"page","link":"https:\/\/kunja.de\/kafountine\/oeffentlichkeitsarbeit\/","title":{"rendered":"\u00d6ffentlichkeitsarbeit"},"content":{"rendered":"\n<h2 class=\"wp-block-heading\"> Helfen Sie uns dabei! <\/h2>\n\n\n\n<p>Wir pr\u00e4sentieren uns bei M\u00e4rkten, Festivals und anderen geeigneten Anl\u00e4ssen, um unsere Projekte zu erkl\u00e4ren, Mitglieder zu werben und Spenden zu sammeln.<br><br>Eigentlich ist es jedem klar &#8211; Bildung ist wichtig. Aber im Alltag m\u00fcssen wir doch immer wieder an Beispielen zu zeigen, wie Bildung funktioniert oder eben nicht, und daran erinnern, dass man auch im Kleinen etwas tun kann.<br>Deshalb machen wir Info-St\u00e4nde oder verkaufen Speisen bei internationalen M\u00e4rkten oder Festivals wie dem Interkulturellen Fest R\u00fcsselsheim oder das Filmfestival &#8222;afrika alive&#8220; in Frankfurt\/H\u00f6chst oder oder \u2026<br><br>Wenn Sie uns unterst\u00fctzen m\u00f6chten, nehmen Sie Kontakt zu uns auf.<br><br>Ihre Ansprechpartnerin: Anna Paluszewski<\/p>\n\n\n\n<div style=\"height:100px\" aria-hidden=\"true\" class=\"wp-block-spacer\"><\/div>\n","protected":false},"excerpt":{"rendered":"<p>Helfen Sie uns dabei! Wir pr\u00e4sentieren uns bei M\u00e4rkten, Festivals und anderen geeigneten Anl\u00e4ssen, um unsere Projekte zu erkl\u00e4ren, Mitglieder zu werben und Spenden zu sammeln. Eigentlich ist es jedem klar &#8211; Bildung ist wichtig. Aber im Alltag m\u00fcssen wir doch immer wieder an Beispielen zu zeigen, wie Bildung funktioniert oder eben nicht, und daran [&hellip;]<\/p>\n","protected":false},"author":1,"featured_media":0,"parent":0,"menu_order":0,"comment_status":"closed","ping_status":"closed","template":"","meta":{"footnotes":""},"tags":[],"class_list":["post-730","page","type-page","status-publish","hentry"],"_links":{"self":[{"href":"https:\/\/kunja.de\/kafountine\/wp-json\/wp\/v2\/pages\/730","targetHints":{"allow":["GET"]}}],"collection":[{"href":"https:\/\/kunja.de\/kafountine\/wp-json\/wp\/v2\/pages"}],"about":[{"href":"https:\/\/kunja.de\/kafountine\/wp-json\/wp\/v2\/types\/page"}],"author":[{"embeddable":true,"href":"https:\/\/kunja.de\/kafountine\/wp-json\/wp\/v2\/users\/1"}],"replies":[{"embeddable":true,"href":"https:\/\/kunja.de\/kafountine\/wp-json\/wp\/v2\/comments?post=730"}],"version-history":[{"count":1,"href":"https:\/\/kunja.de\/kafountine\/wp-json\/wp\/v2\/pages\/730\/revisions"}],"predecessor-version":[{"id":731,"href":"https:\/\/kunja.de\/kafountine\/wp-json\/wp\/v2\/pages\/730\/revisions\/731"}],"wp:attachment":[{"href":"https:\/\/kunja.de\/kafountine\/wp-json\/wp\/v2\/media?parent=730"}],"wp:term":[{"taxonomy":"post_tag","embeddable":true,"href":"https:\/\/kunja.de\/kafountine\/wp-json\/wp\/v2\/tags?post=730"}],"curies":[{"name":"wp","href":"https:\/\/api.w.org\/{rel}","templated":true}]}}